{"id":268,"date":"2016-08-02T08:05:52","date_gmt":"2016-08-02T06:05:52","guid":{"rendered":"http:\/\/belverdi.de\/wordpress\/?page_id=268"},"modified":"2023-01-08T23:02:58","modified_gmt":"2023-01-08T21:02:58","slug":"referenzen","status":"publish","type":"page","link":"https:\/\/www.belverdi.de\/?page_id=268","title":{"rendered":"Referenzen"},"content":{"rendered":"<p>[et_pb_section fb_built=&#8220;1&#8243; admin_label=&#8220;section&#8220; _builder_version=&#8220;3.22&#8243; global_colors_info=&#8220;{}&#8220;][et_pb_row _builder_version=&#8220;4.14.8&#8243; _module_preset=&#8220;default&#8220; global_colors_info=&#8220;{}&#8220;][et_pb_column type=&#8220;4_4&#8243; _builder_version=&#8220;4.14.8&#8243; _module_preset=&#8220;default&#8220; global_colors_info=&#8220;{}&#8220;][et_pb_blurb title=&#8220;F\u00fcr unsere Kunden ist uns kein Weg zu weit&#8230;..&#8220; content_max_width=&#8220;800px&#8220; _builder_version=&#8220;4.14.8&#8243; _module_preset=&#8220;default&#8220; header_level=&#8220;h2&#8243; header_font=&#8220;|700|||||||&#8220; body_font_size=&#8220;16px&#8220; global_colors_info=&#8220;{}&#8220;]<\/p>\n<p>&#8230;. ob an die K\u00fcste, in die Stadt, auf das Land oder in die Berge. Wir helfen unseren Kunden im gesamten &#8222;deutschsprachigen&#8220; Raum (DE\/AT\/CH und Norditalien)<\/p>\n<p>[\/et_pb_blurb][\/et_pb_column][\/et_pb_row][et_pb_row _builder_version=&#8220;4.14.8&#8243; _module_preset=&#8220;default&#8220; global_colors_info=&#8220;{}&#8220;][et_pb_column type=&#8220;4_4&#8243; _builder_version=&#8220;4.14.8&#8243; _module_preset=&#8220;default&#8220; global_colors_info=&#8220;{}&#8220;][et_pb_gallery gallery_ids=&#8220;1122,1120,1121,1119,1118,1136,1137&#8243; show_title_and_caption=&#8220;off&#8220; _builder_version=&#8220;4.14.8&#8243; _module_preset=&#8220;default&#8220; background_color=&#8220;#FFFFFF&#8220; global_colors_info=&#8220;{}&#8220;][\/et_pb_gallery][\/et_pb_column][\/et_pb_row][et_pb_row column_structure=&#8220;1_2,1_2&#8243; _builder_version=&#8220;4.14.8&#8243; _module_preset=&#8220;default&#8220; global_colors_info=&#8220;{}&#8220;][et_pb_column type=&#8220;1_2&#8243; _builder_version=&#8220;4.14.8&#8243; _module_preset=&#8220;default&#8220; global_colors_info=&#8220;{}&#8220;][et_pb_blurb title=&#8220;Neue Referenz (12\/2022) eines unserer Kunden&#8220; image=&#8220;https:\/\/www.belverdi.de\/wp-content\/uploads\/2022-Landhotel_Alte_Aue-742&#215;1024.png&#8220; _builder_version=&#8220;4.14.8&#8243; _module_preset=&#8220;default&#8220; global_colors_info=&#8220;{}&#8220;][\/et_pb_blurb][\/et_pb_column][et_pb_column type=&#8220;1_2&#8243; _builder_version=&#8220;4.14.8&#8243; _module_preset=&#8220;default&#8220; global_colors_info=&#8220;{}&#8220;][et_pb_accordion _builder_version=&#8220;4.14.8&#8243; _module_preset=&#8220;default&#8220; global_colors_info=&#8220;{}&#8220;][et_pb_accordion_item title=&#8220;Kunden\u00fcbersicht Hotel &#038; Gastst\u00e4ttengewerbe&#8220; open=&#8220;on&#8220; _builder_version=&#8220;4.14.8&#8243; _module_preset=&#8220;default&#8220; global_colors_info=&#8220;{}&#8220;]<\/p>\n<ul>\n<li>3 Sterne Hotel an der Nordseek\u00fcste<\/li>\n<li>3 Sterne Hotel\u00a0im Harz<\/li>\n<li>4 Sterne Hotel im Raum K\u00f6ln\/Bonn<\/li>\n<li>2 Sterne\u00a0Hotel im Sauerland<\/li>\n<li>3 Sterne Hotel im Sauerland<\/li>\n<li>3 Sterne Hotel in S\u00fcdbayern<\/li>\n<li>3 Sterne Hotel im Fichtelgebirge<\/li>\n<li>3 Sterne Hotel in der Schweiz<\/li>\n<li>Hotelgesellschaft mit 5\u00a0Hotels im 3-4 Sterne Sektor<\/li>\n<li>Hotelgesellschaft mit 3 Hotels im 3 Sterne Sektor<\/li>\n<li>Restaurant in Frankfurt\/M. mit 50 Sitzpl\u00e4tzen<\/li>\n<li>Restaurant in Wien (AT) mit 45 Sitzpl\u00e4tzen<\/li>\n<li>Restaurant im Rhein-Main Gebiet mit 120 Sitzpl\u00e4tzen<\/li>\n<\/ul>\n<p>[\/et_pb_accordion_item][et_pb_accordion_item title=&#8220;Sonstige Kunden&#8220; _builder_version=&#8220;4.14.8&#8243; _module_preset=&#8220;default&#8220; global_colors_info=&#8220;{}&#8220; open=&#8220;off&#8220;]<\/p>\n<ul>\n<li>Rechtsanwalt Wetterau<\/li>\n<li>Rechtsanwalt Hamburg\/Schleswig Holstein<\/li>\n<li>Online Marketing Anbieter (Frankfurt)<\/li>\n<li>Beratungsgesellschaft f\u00fcr internationale Gro\u00dfbanken (Raum Frankfurt)<\/li>\n<li>IT Dienstleister (Bayern &amp; Hessen)<\/li>\n<li>Friseursalon (Wetterau)<\/li>\n<\/ul>\n<p>[\/et_pb_accordion_item][\/et_pb_accordion][\/et_pb_column][\/et_pb_row][et_pb_row _builder_version=&#8220;4.14.8&#8243; _module_preset=&#8220;default&#8220; global_colors_info=&#8220;{}&#8220;][et_pb_column type=&#8220;4_4&#8243; _builder_version=&#8220;4.14.8&#8243; _module_preset=&#8220;default&#8220; global_colors_info=&#8220;{}&#8220;][et_pb_blurb title=&#8220;Vertraulichkeit&#8230;..&#8220; content_max_width=&#8220;800px&#8220; _builder_version=&#8220;4.14.8&#8243; _module_preset=&#8220;default&#8220; header_level=&#8220;h2&#8243; header_font=&#8220;|700|||||||&#8220; body_font_size=&#8220;16px&#8220; hover_enabled=&#8220;0&#8243; global_colors_info=&#8220;{}&#8220; sticky_enabled=&#8220;0&#8243;]<\/p>\n<p>&#8230;. ist einer unserer Bausteine seit unserem Bestehen. Da wir in vielen Projektarbeiten mit strengen Verschwiegenheitsvereinbarungen belegt werden oder Hotels teilweise in den st\u00e4rksten Krisenzeiten begleiten &#8211; wor\u00fcber keiner gerne spricht, k\u00f6nnen wir leider nur einen kleinen Teil unserer erhaltenen Referenzen ver\u00f6ffentlichen.<\/p>\n<p>[\/et_pb_blurb][et_pb_testimonial author=&#8220;Thomas Sack&#8220; job_title=&#8220;Inhaber&#8220; company_name=&#8220;Landhotel Alte Aue &#8211; Altenau im Oberharz&#8220; portrait_url=&#8220;https:\/\/www.belverdi.de\/wp-content\/uploads\/Facebook-Profile-Picture-300&#215;300.png&#8220; _builder_version=&#8220;4.14.8&#8243; _module_preset=&#8220;default&#8220; hover_enabled=&#8220;0&#8243; global_colors_info=&#8220;{}&#8220; sticky_enabled=&#8220;0&#8243; global_module=&#8220;1143&#8243; saved_tabs=&#8220;all&#8220;]<\/p>\n<p><span> &#8230;&#8230;. Dank des Engagements durch Sie und Herrn Maximilian Schmid konnte unser Haus nicht nur gerettet werden, sondern steht vor einem neuen Umsatzrekord in diesem Jahr (2022). Vielen Dank f\u00fcr Ihre Unterst\u00fctzung. Wir freuen uns auf die weitere Zusammenarbeit mit den geplanten Projekten, mit denen wir noch viel bewegen m\u00f6chten.<\/span><\/p>\n<p>[\/et_pb_testimonial][et_pb_testimonial author=&#8220;Rainer Schmid&#8220; job_title=&#8220;Gesch\u00e4ftsf\u00fchrer&#8220; company_name=&#8220;Rheinhotel Schulz GmbH &#8211; Unkel am Rhein&#8220; portrait_url=&#8220;https:\/\/www.belverdi.de\/wp-content\/uploads\/Logo-transparent.png&#8220; _builder_version=&#8220;4.14.8&#8243; _module_preset=&#8220;default&#8220; hover_enabled=&#8220;0&#8243; global_colors_info=&#8220;{}&#8220; title_text=&#8220;Logo transparent&#8220; sticky_enabled=&#8220;0&#8243; global_module=&#8220;1142&#8243; saved_tabs=&#8220;all&#8220;]<\/p>\n<p style=\"text-align: justify;\"><span>Sehr geehrter Herr Hengst,<br \/>Sie begleiten uns seit 2010 mit Ihrem \u201ePremium Budget Paket\u201c. Wir konnten in den vergangenen Jahren gemeinsam alle \u201eH\u00f6hen\u201c und \u201eTiefen\u201c in der Hotellerie durchschreiten. Die monatliche Aufarbeitung der Zahlen hier vor Ort im Rheinhotel Schulz, der st\u00e4ndige Soll\/Ist Vergleich und die rollierende Zukunftsplanung sind jederzeit eine gute Basis, um unsere Zahlen gemeinsam zu analysieren und zu planen. Besonders f\u00fcr Projektplanungen, aber auch in der Corona Krise hat sich die dauerhafte Begleitung von Herrn Hengst bew\u00e4hrt. So konnten in den Lockdownphasen in k\u00fcrzester Zeit aktuelle Forecast-Planungen gemacht werden.<br \/>Vielen Dank f\u00fcr die langfristige Begleitung unseres Hauses auch \u00fcber das Budget Paket hinaus (Externer Datenschutz), wir freuen uns auf die weitere Zusammenarbeit. <\/span><\/p>\n<p>[\/et_pb_testimonial][et_pb_testimonial author=&#8220;Marc Halbig&#8220; job_title=&#8220;Gesch\u00e4ftsf\u00fchrer&#8220; company_name=&#8220;ECE Expert Computer Equipment GmbH&#8220; portrait_url=&#8220;data:image\/svg+xml;base64,PHN2ZyB3aWR0aD0iNTAwIiBoZWlnaHQ9IjUwMCIgdmlld0JveD0iMCAwIDUwMCA1MDAiIHhtbG5zPSJodHRwOi8vd3d3LnczLm9yZy8yMDAwL3N2ZyI+CiAgICA8ZyBmaWxsPSJub25lIiBmaWxsLXJ1bGU9ImV2ZW5vZGQiPgogICAgICAgIDxwYXRoIGZpbGw9IiNFQkVCRUIiIGQ9Ik0wIDBoNTAwdjUwMEgweiIvPgogICAgICAgIDxyZWN0IGZpbGwtb3BhY2l0eT0iLjEiIGZpbGw9IiMwMDAiIHg9IjY4IiB5PSIzMDUiIHdpZHRoPSIzNjQiIGhlaWdodD0iNTY4IiByeD0iMTgyIi8+CiAgICAgICAgPGNpcmNsZSBmaWxsLW9wYWNpdHk9Ii4xIiBmaWxsPSIjMDAwIiBjeD0iMjQ5IiBjeT0iMTcyIiByPSIxMDAiLz4KICAgIDwvZz4KPC9zdmc+Cg==&#8220; _builder_version=&#8220;4.14.8&#8243; _module_preset=&#8220;default&#8220; hover_enabled=&#8220;0&#8243; global_colors_info=&#8220;{}&#8220; sticky_enabled=&#8220;0&#8243;]<\/p>\n<p><span> Sehr geehrter Hr. Hengst, <br \/><\/span><span>es ist uns nicht einfach gefallen unserer B\u00fccher und Ideen einem externen offen zu legen. Aber durch Ihre Beratung haben wir zum Einen festgestellt, dass wir gedanklich auf dem richtigen Weg sind und zum anderen haben Sie haben Sie uns n\u00e4chsten Bausteine an die Hand gegeben um unser Unternehmen zu professionalisieren. Wir sind sehr zufrieden und werden Sie jederzeit weiter empfehlen. Mit freundlichen Gr\u00fc\u00dfen Marc Halbig ECE Expert Computer Equipment GmbH<\/span><\/p>\n<p>[\/et_pb_testimonial][\/et_pb_column][\/et_pb_row][et_pb_row admin_label=&#8220;row&#8220; _builder_version=&#8220;3.25&#8243; background_size=&#8220;initial&#8220; background_position=&#8220;top_left&#8220; background_repeat=&#8220;repeat&#8220; global_colors_info=&#8220;{}&#8220;][et_pb_column type=&#8220;4_4&#8243; _builder_version=&#8220;3.25&#8243; custom_padding=&#8220;|||&#8220; global_colors_info=&#8220;{}&#8220; custom_padding__hover=&#8220;|||&#8220;][et_pb_text admin_label=&#8220;Text&#8220; _builder_version=&#8220;4.14.8&#8243; background_size=&#8220;initial&#8220; background_position=&#8220;top_left&#8220; background_repeat=&#8220;repeat&#8220; global_colors_info=&#8220;{}&#8220;]<\/p>\n<p>&nbsp;<\/p>\n<h5>Auszug an Projekten und Leistungen<\/h5>\n<ul>\n<li>Investitionsbudget 3 Sterne Hotel<\/li>\n<li>Implementierung eines individuellen &#8222;Controlling Systems&#8220; in einer Anwaltskanzlei<\/li>\n<li>Rollierendes 12 Monats-Budget\u00a0(4 \u00a0Sterne Hotel)<\/li>\n<li>Implementierung eines w\u00f6chentlichen 3-Monats Forecast (3 Sterne Hotel)<\/li>\n<li>Mitarbeiterschulung Datenschutz<\/li>\n<li>Kurzzeitiges Hotelmanagement zur finanziellen Sanierung und Strukturierung des<br \/>Hotelbetriebes\u00a0(3 Sterne Hotel)<\/li>\n<li>Restaurant-Businessplan f\u00fcr weiteren Standort einer kleinen Restaurant Kette in \u00a0Frankfurt im gehobenen Segment \/ Top Lage<\/li>\n<li>Machbarkeitsstudie f\u00fcr ein 3 Sterne Hotel in l\u00e4ndlicher Gegend<\/li>\n<li>Budgetschulung Abteilungsleiter (4 Sterne Hotel)<\/li>\n<li>Analyse von Arbeitsprozessen in administrativen Abteilungen mit nachhaltigen Umstrukturierungen\u00a0(3 Sterne Hotel)<\/li>\n<li>Gemeinsame Erstellung eines Verfahrensverzeichnis\u00a0(3 &amp; 4 Sterne Hotel)<\/li>\n<li>Stellung Datenschutzbeauftragter (4 Sterne Hotel)<\/li>\n<li>Konsolidiertes Konzernbudget (Hotelgesellschaft)<\/li>\n<li>Stellung Datenschutzbeauftragter (Online Marketing Anbieter)<\/li>\n<li>Dauerhafte Controlling Auftr\u00e4ge mit wiederkehrenden Audits vor Ort<\/li>\n<li>Migration &#8211; Hotel-System Wechsel mit allen Vor- und Nacharbeiten<\/li>\n<li>Begleitung Schnittstellenanbindung Restaurantkasse an Hotel-System<\/li>\n<li>Implementierung Bewertungsmanagement im Hotel<\/li>\n<li>Neustrukturierung 3 Sterne-Hotel mit Systemwechseln, etc.<\/li>\n<li>Mystery Check (4 Sterne Hotel)<\/li>\n<li>u.v.m.<\/li>\n<\/ul>\n<p>[\/et_pb_text][\/et_pb_column][\/et_pb_row][\/et_pb_section]<\/p>\n","protected":false},"excerpt":{"rendered":"<p>&#8230;. ob an die K\u00fcste, in die Stadt, auf das Land oder in die Berge. Wir helfen unseren Kunden im gesamten &#8222;deutschsprachigen&#8220; Raum (DE\/AT\/CH und Norditalien) 3 Sterne Hotel an der Nordseek\u00fcste 3 Sterne Hotel\u00a0im Harz 4 Sterne Hotel im Raum K\u00f6ln\/Bonn 2 Sterne\u00a0Hotel im Sauerland 3 Sterne Hotel im Sauerland 3 Sterne Hotel in [&hellip;]<\/p>\n","protected":false},"author":1,"featured_media":0,"parent":0,"menu_order":8,"comment_status":"closed","ping_status":"closed","template":"","meta":{"_et_pb_use_builder":"on","_et_pb_old_content":"Der Duden definiert Referenzen als eine von einer Vertrauensperson abgegebenen (lobenden) Beurteilung oder Empfehlung.\r\n\r\nWir verzichten an dieser Stelle aber auf die Angaben von pers\u00f6nlichen Referenzen, da Diskretion, Datenschutz und Datensicherheit bei der belverdi UG sehr gro\u00df geschrieben wird.\r\n<h5>Kunden\u00fcbersicht Hotel &amp; Gastst\u00e4ttengewerbe<\/h5>\r\n<ul>\r\n \t<li>3 Sterne Hotel an der Nordseek\u00fcste<\/li>\r\n \t<li>3 Sterne Hotel\u00a0im Harz<\/li>\r\n \t<li>4 Sterne Hotel im Raum K\u00f6ln\/Bonn<\/li>\r\n \t<li>2 Sterne\u00a0Hotel im Sauerland<\/li>\r\n \t<li>3 Sterne Hotel im Sauerland<\/li>\r\n \t<li>3 Sterne Hotel in S\u00fcdbayern<\/li>\r\n \t<li>3 Sterne Hotel im Fichtelgebirge<\/li>\r\n \t<li>Hotelgesellschaft mit 5\u00a0Hotels im 3-4 Sterne Sektor<\/li>\r\n \t<li>Hotelgesellschaft mit 3 Hotels im 3 Sterne Sektor<\/li>\r\n \t<li>Restaurant in Frankfurt\/M. mit 50 Sitzpl\u00e4tzen<\/li>\r\n \t<li>Restaurant im Rhein-Main Gebiet mit 120 Sitzpl\u00e4tzen<\/li>\r\n<\/ul>\r\n<h5>Kunden\u00fcbersicht Sonstige<\/h5>\r\n<ul>\r\n \t<li>Rechtsanwalt Wetterau<\/li>\r\n \t<li>Rechtsanwalt Hamburg\/Schleswig Holstein<\/li>\r\n \t<li>Online Marketing Anbieter (Frankfurt)<\/li>\r\n \t<li>Beratungsgesellschaft f\u00fcr internationale Gro\u00dfbanken (Raum Frankfurt)<\/li>\r\n \t<li>IT Dienstleister (Bayern &amp; Hessen)<\/li>\r\n \t<li>Friseursalon (Wetterau)<\/li>\r\n<\/ul>\r\n<h5>Auszug an Projekten und Leistungen<\/h5>\r\n<ul>\r\n \t<li>Investitionsbudget 3 Sterne Hotel<\/li>\r\n \t<li>Implementierung eines individuellen \"Controlling Systems\" in einer Anwaltskanzlei<\/li>\r\n \t<li>Rollierendes 12 Monats-Budget\u00a0(4 \u00a0Sterne Hotel)<\/li>\r\n \t<li>Implementierung eines w\u00f6chentlichen 3-Monats Forecast (3 Sterne Hotel)<\/li>\r\n \t<li>Mitarbeiterschulung Datenschutz<\/li>\r\n \t<li>Kurzzeitiges Hotelmanagement zur finanziellen Sanierung und Strukturierung des\r\nHotelbetriebes\u00a0(3 Sterne Hotel)<\/li>\r\n \t<li>Restaurant-Businessplan f\u00fcr weiteren Standort einer kleinen Restaurant Kette in \u00a0Frankfurt im gehobenen Segment \/ Top Lage<\/li>\r\n \t<li>Machbarkeitsstudie f\u00fcr ein 3 Sterne Hotel in l\u00e4ndlicher Gegend<\/li>\r\n \t<li>Budgetschulung Abteilungsleiter (4 Sterne Hotel)<\/li>\r\n \t<li>Analyse von Arbeitsprozessen in administrativen Abteilungen mit nachhaltigen Umstrukturierungen\u00a0(3 Sterne Hotel)<\/li>\r\n \t<li>Gemeinsame Erstellung eines Verfahrensverzeichnis\u00a0(3 &amp; 4 Sterne Hotel)<\/li>\r\n \t<li>Stellung Datenschutzbeauftragter (4 Sterne Hotel)<\/li>\r\n \t<li>Konsolidiertes Konzernbudget (Hotelgesellschaft)<\/li>\r\n \t<li>Stellung Datenschutzbeauftragter (Online Marketing Anbieter)<\/li>\r\n \t<li>Dauerhafte Controlling Auftr\u00e4ge mit wiederkehrenden Audits vor Ort<\/li>\r\n \t<li>Mystery Check (4 Sterne Hotel)<\/li>\r\n \t<li>u.v.m.<\/li>\r\n<\/ul>","_et_gb_content_width":""},"_links":{"self":[{"href":"https:\/\/www.belverdi.de\/index.php?rest_route=\/wp\/v2\/pages\/268"}],"collection":[{"href":"https:\/\/www.belverdi.de\/index.php?rest_route=\/wp\/v2\/pages"}],"about":[{"href":"https:\/\/www.belverdi.de\/index.php?rest_route=\/wp\/v2\/types\/page"}],"author":[{"embeddable":true,"href":"https:\/\/www.belverdi.de\/index.php?rest_route=\/wp\/v2\/users\/1"}],"replies":[{"embeddable":true,"href":"https:\/\/www.belverdi.de\/index.php?rest_route=%2Fwp%2Fv2%2Fcomments&post=268"}],"version-history":[{"count":29,"href":"https:\/\/www.belverdi.de\/index.php?rest_route=\/wp\/v2\/pages\/268\/revisions"}],"predecessor-version":[{"id":1144,"href":"https:\/\/www.belverdi.de\/index.php?rest_route=\/wp\/v2\/pages\/268\/revisions\/1144"}],"wp:attachment":[{"href":"https:\/\/www.belverdi.de\/index.php?rest_route=%2Fwp%2Fv2%2Fmedia&parent=268"}],"curies":[{"name":"wp","href":"https:\/\/api.w.org\/{rel}","templated":true}]}}